
Calculate the greatest common divisor of 288 and 324.
36
What is the greatest common divisor of 288 and 27?
9
What is the greatest common divisor of 39 and 4875?
39
What is the highest common divisor of 17 and 1717?
17
Calculate the highest common divisor of 34 and 14059.
17
What is the highest common divisor of 357 and 7?
7
What is the greatest common factor of 51 and 5219?
17
Calculate the highest common factor of 81 and 9.
9
What is the greatest common divisor of 6627 and 282?
141
Calculate the highest common divisor of 1272 and 9222.
318
Calculate the greatest common divisor of 405 and 567.
81
What is the greatest common divisor of 117 and 14209?
13
What is the greatest common factor of 1702 and 92?
46
Calculate the greatest common divisor of 380 and 80.
20
What is the greatest common factor of 20 and 10?
10
What is the highest common factor of 234 and 198?
18
What is the highest common factor of 786 and 30?
6
What is the greatest common divisor of 342 and 3990?
114
Calculate the highest common factor of 37 and 592.
37
What is the highest common divisor of 320 and 40?
40
What is the highest common factor of 90 and 1206?
18
What is the highest common factor of 1995 and 255?
15
Calculate the highest common divisor of 18 and 204.
6
Calculate the greatest common divisor of 81 and 801.
9
What is the highest common divisor of 4876 and 92?
92
Calculate the greatest common divisor of 20440 and 420.
140
What is the greatest common divisor of 61 and 549?
61
Calculate the highest common factor of 66 and 22.
22
What is the highest common factor of 38 and 58178?
38
What is the highest common factor of 72 and 27?
9
What is the greatest common factor of 399 and 7448?
133
Calculate the highest common factor of 96 and 1248.
96
What is the highest common divisor of 99 and 671?
11
What is the greatest common divisor of 1980 and 140?
20
What is the highest common factor of 351 and 3393?
117
What is the highest common factor of 1414 and 14?
14
What is the highest common divisor of 56 and 33208?
56
Calculate the highest common divisor of 782 and 102.
34
What is the highest common divisor of 392 and 98?
98
What is the greatest common divisor of 915 and 6?
3
What is the greatest common factor of 644 and 5957?
161
What is the greatest common divisor of 1441 and 11?
11
What is the highest common factor of 1192 and 7450?
298
Calculate the greatest common factor of 269 and 3.
1
What is the greatest common factor of 912 and 60?
12
Calculate the highest common factor of 2457 and 189.
189
What is the greatest common factor of 145 and 5?
5
Calculate the highest common factor of 530 and 10.
10
Calculate the greatest common factor of 161 and 23.
23
Calculate the highest common divisor of 50 and 575.
25
Calculate the greatest common factor of 2856 and 272.
136
What is the greatest common divisor of 70 and 35?
35
Calculate the greatest common divisor of 1819 and 321.
107
Calculate the highest common divisor of 880 and 20.
20
Calculate the greatest common factor of 357 and 231.
21
What is the highest common factor of 380 and 38?
38
Calculate the highest common divisor of 245 and 105.
35
What is the greatest common factor of 25 and 15175?
25
What is the greatest common divisor of 56 and 42?
14
Calculate the highest common divisor of 837 and 27.
27
Calculate the greatest common divisor of 15 and 117.
3
What is the greatest common divisor of 5 and 6210?
5
What is the highest common factor of 16 and 376?
8
What is the highest common factor of 384 and 16?
16
Calculate the highest common divisor of 217 and 124.
31
What is the greatest common divisor of 58 and 4727?
29
What is the highest common factor of 6 and 18?
6
Calculate the greatest common factor of 8657 and 176.
11
Calculate the highest common factor of 119 and 7.
7
What is the highest common divisor of 19 and 133?
19
Calculate the greatest common divisor of 10947 and 123.
123
Calculate the highest common factor of 81 and 1296.
81
Calculate the greatest common divisor of 333 and 99.
9
Calculate the highest common divisor of 120 and 10860.
60
Calculate the highest common factor of 276 and 12.
12
What is the highest common factor of 1 and 647?
1
Calculate the highest common factor of 12 and 12408.
12
What is the highest common factor of 42056 and 56?
56
Calculate the highest common divisor of 128436 and 14.
14
Calculate the highest common factor of 302 and 2.
2
What is the greatest common factor of 495 and 45?
45
Calculate the highest common factor of 928 and 32.
32
What is the highest common factor of 54 and 459?
27
Calculate the highest common factor of 18 and 1926.
18
Calculate the greatest common factor of 405 and 5.
5
What is the greatest common divisor of 4860 and 240?
60
What is the highest common factor of 328 and 369?
41
Calculate the highest common divisor of 34 and 32776.
34
Calculate the greatest common divisor of 198 and 330.
66
What is the greatest common factor of 56 and 2632?
56
Calculate the greatest common factor of 30 and 435.
15
Calculate the highest common factor of 24 and 204.
12
What is the highest common divisor of 203 and 2175?
29
What is the highest common factor of 9 and 12?
3
Calculate the highest common divisor of 1422 and 90.
18
Calculate the highest common factor of 897 and 69.
69
What is the greatest common divisor of 570 and 690?
30
Calculate the greatest common factor of 399 and 171.
57
What is the highest common divisor of 51 and 27285?
51
Calculate the highest common factor of 3 and 57.
3
Calculate the highest common divisor of 33 and 15.
3
Calculate the greatest common factor of 26 and 117.
13
Calculate the greatest common divisor of 385 and 140.
35
Calculate the highest common factor of 20 and 5630.
10
What is the greatest common divisor of 91 and 65?
13
What is the greatest common divisor of 4 and 52?
4
Calculate the greatest common factor of 402 and 9514.
134
Calculate the greatest common divisor of 27 and 21.
3
Calculate the highest common factor of 4644 and 860.
172
Calculate the highest common factor of 44 and 68.
4
What is the greatest common factor of 76 and 1748?
76
What is the highest common divisor of 1275 and 204?
51
What is the highest common factor of 65 and 12545?
65
Calculate the greatest common divisor of 55 and 979.
11
What is the highest common factor of 297 and 96?
3
What is the highest common divisor of 36 and 20052?
36
Calculate the highest common factor of 72 and 28.
4
Calculate the greatest common divisor of 12 and 816.
12
Calculate the greatest common factor of 112 and 532.
28
Calculate the greatest common divisor of 49 and 3430.
49
Calculate the greatest common divisor of 318 and 6.
6
Calculate the highest common divisor of 3980 and 20.
20
Calculate the greatest common divisor of 143 and 117.
13
What is the greatest common divisor of 18 and 54?
18
What is the highest common factor of 464 and 16?
16
Calculate the highest common factor of 5338 and 68.
34
What is the highest common factor of 92 and 31004?
92
Calculate the greatest common divisor of 364 and 140.
28
Calculate the greatest common factor of 795 and 20.
5
Calculate the greatest common factor of 588 and 66.
6
Calculate the greatest common factor of 54 and 9522.
18
What is the highest common factor of 79 and 22199?
79
Calculate the highest common divisor of 8 and 78.
2
Calculate the highest common factor of 5 and 11635.
5
Calculate the greatest common factor of 215 and 10.
5
What is the greatest common factor of 13450 and 50?
50
Calculate the highest common factor of 4100 and 300.
100
What is the highest common divisor of 1012 and 374?
22
Calculate the greatest common divisor of 562 and 8149.
281
What is the greatest common divisor of 703 and 37?
37
Calculate the greatest common divisor of 65 and 3627.
13
Calculate the greatest common divisor of 35 and 33635.
35
Calculate the greatest common factor of 171 and 72.
9
Calculate the highest common divisor of 48 and 12732.
12
Calculate the highest common divisor of 4400 and 660.
220
What is the highest common factor of 12 and 764?
4
What is the highest common divisor of 54 and 48?
6
Calculate the highest common factor of 72 and 4842.
18
Calculate the highest common factor of 20 and 320.
20
Calculate the highest common divisor of 253 and 143.
11
Calculate th